))/(-2). Suppose 9 = -x*n + 2*n. What is a(n)?
-4
Let p(n) be the second derivative of -n**5/20 + 5*n**4/12 - 3*n**3/2 + 3*n**2/2 + 51*n - 2. What is p(4)?
-17
Let t(y) = 16*y**3 - 25*y**2 + 23*y - 47. Let x(b) = 7*b**3 - 12*b**2 + 11*b - 22. Let l(r) = 4*t(r) - 9*x(r). What is l(-9)?
-8
Suppose -38*o = -473 + 397. Let j(q) be the first derivative of 2*q**3 - 3*q**2/2 + 3*q - 2. Calculate j(o).
21
Suppose 24*h = 26*h + 12. Let u(j) = 13*j - 9. Let c(x) = -7*x + 5. Let w(z) = h*u(z) - 11*c(z). Let t(f) = -f**3 + 2*f**2 + 4*f - 7. Let i be t(3). Give w(i).
3
Suppose 25*m - 24*m = 3. Let p be ((-26)/6)/(-1) + 2/m. Let j(w) = w - 3. Let q(f) = 4*f - 14. Let c(v) = -11*j(v) + 2*q(v). Give c(p).
-10
Let q(x) = -13*x + 2 + 9*x - 9 - 2*x**2 - 4 + 7*x. What is q(5)?
-46
Let q(w) = -w**2 - 17*w - 40. Let t be q(-14). Let d(x) = 62*x**2 - 59*x**t + 106*x + 4 - 102*x. Determine d(-3).
19
Let j be (-66)/11 + 11 + -1*11. Let h(u) = u. Let d(t) = 6 - 3*t + t - 5*t. Let g(o) = j*h(o) - d(o). What is g(3)?
-3
Let r(t) = -2*t**2 - 2*t + 8. Let s(n) = 317*n + 630. Let p be s(-2). What is r(p)?
-16
Let g(i) = -1 + 3*i + 6*i - 2*i**3 - 4*i**2 - 1 + 2*i. Let u(x) = -x**3 - 2*x**2 + 6*x - 1. Let m(y) = -4*g(y) + 7*u(y). Give m(-3).
-2
Let d(f) = -134 - 3*f - 2*f + 15*f - f - 6*f. Calculate d(45).
1
Suppose -3*c = -c. Let n(p) be the second derivative of p**4/12 + p**3/6 - 14*p**2 + 12*p + 446. What is n(c)?
-28
Let f be 0/(-5 - (-6)/2). Suppose 27*u - 7*u - 40 = f. Let z(j) = 3*j**2 + 2. Calculate z(u).
14
Suppose -p - 2*p = -5*i + 23, -4*i - 3*p = -13. Suppose 0 = 6*a - 9*a - r - 25, -2*a + i*r = 26. Let d(h) = -h**2 - 10*h + 5. What is d(a)?
14
Let w be 5*3/5*(-9)/1. Let t = w - -29. Let p(y) = y**3 - y**2 - 4*y + 3. Determine p(t).
-1
Let o be (9/2)/((-29)/(-348)). Suppose 12*u = 6*u + o. Let z(s) = -s**2 + 5*s + 12. What is z(u)?
-24
Let o(u) = 3*u**2 + 8*u + 19. Suppose 14*t = 6*t + 40. Let n(m) = -3*m**2 - 407 + m**2 - t*m + 394. Let r(a) = -7*n(a) - 5*o(a). What is r(-4)?
0
Let i(h) = 467 + 500 + 4*h - 960. Give i(-2).
-1
Suppose -5*r = -5*m - 95, 9*m - 5*r + 11 = 10*m. Let z(p) = p**2 + 11*p - 36. Calculate z(m).
6
Let h(x) be the first derivative of 2*x**3 + 2*x + 1/4*x**4 - 7/2*x**2 + 88. Let m = 7 + -14. Give h(m).
2
Let c = 4449 + -4447. Let d(u) = 23*u**2 + 2*u + 1. Calculate d(c).
97
Let h(k) = -10*k - 129. Let v(n) = 20*n + 250. Let a(c) = -5*h(c) - 3*v(c). Determine a(-10).
-5
Let f(c) be the third derivative of c**5/30 - c**4/24 - c**3 + 1014*c**2 - c. What is f(-4)?
30
Let c(y) = -9*y - 126. Let n(u) = 19*u + 248. Let v(l) = -13*c(l) - 7*n(l). What is v(-5)?
-18
Let d(f) = 4*f**3 + 36*f - 68*f + 20*f + 1 + 19*f + 8*f**2 - 5*f**3. Give d(9).
-17
Let p(l) = 25*l - 50. Let x be p(2). Suppose x + 28 = -14*w. Let v(q) = -2*q - 7. Determine v(w).
-3
Let a be (-297)/1386*(560/12)/5. Let w = 1 - -2. Let d(n) = 0 - 4*n - w + 0 - 2*n**2. Give d(a).
-3
Let r(h) = 4*h**3 + 2*h**2. Let j = -7 + 17. Let v = 3728 + -3720. Let a = v - j. Calculate r(a).
-24
Suppose 70 = 14*h - 14. Let w(b) = -h*b**2 - 13*b**3 + 12*b**3 + 2*b + 3*b**2 + 3. What is w(-3)?
-3
Let o(m) = -3*m**2 - 10*m - 260. Let p(j) = -3*j**2 - 8*j - 195. Let n(b) = -3*o(b) + 4*p(b). Let q(r) = r - 5. Let d be q(4). Calculate n(d).
-1
Let p be (-14 - -14)*8/(-24). Let x(y) = y**3 - 3*y**2 + 3*y + 27. Give x(p).
27
Suppose 5*t - 2*q + 4 = 0, 596*q - 16 = 598*q. Let m(w) = -4*w**2 - 2*w - 1. Let k(y) = 7*y**2 + 5*y + 2. Let n(g) = 3*k(g) + 5*m(g). Determine n(t).
-3
Suppose 2 + 4 = -2*x. Let z(k) = -12*k + 5. Let o be z(-3). Let g(d) = 3*d + 16 - d**2 + 15 + 13 - o. What is g(x)?
-15
Let h(g) = -4*g**2 + 11*g - 6. Let i be 14/(-4)*864/(-504). What is h(i)?
-84
Let g(t) = -6*t. Let u(o) = o**3 + 42*o**2 + 5*o - 41. Let b(y) = y**2 - 2*y - 1. Let v(n) = -3*b(n) - u(n). Let z be v(-45). Determine g(z).
6
Let x = 773 + -774. Let b(g) = 3*g - 4. Determine b(x).
-7
Let u = 57 + -40. Suppose 3*k = 28 + u. Let c(d) = -32 + k*d + 26 - 14*d. Determine c(-5).
-11
Let h(f) be the second derivative of f**8/6720 - f**7/840 - f**6/180 + f**5/40 - 23*f**4/3 - 36*f + 2. Let i(r) be the third derivative of h(r). Determine i(3).
-9
Let i = -17305 - -17312. Let j(x) = -2*x**2 - 2*x + 105. Determine j(i).
-7
Let q(d) = d - 19. Let x(m) = -84*m + 7218. Let h be x(86). Give q(h).
-25
Let f(v) be the first derivative of -v**5/20 - 3*v**4/4 - 5*v**3/6 + 4*v**2 + 127*v - 93. Let g(z) be the first derivative of f(z). Determine g(-8).
-16
Let w(k) = -91*k**2 - 102*k**2 - 3*k**3 + 5*k + 4*k**3 + 198*k**2 + 2. Let j be (22/8)/(10/(-40)). Let t = -14 - j. Give w(t).
5
Let w(o) = -o**2 + 21*o - 86. Suppose -465 = -5*g - 470, -v + 12 = -2*g. Determine w(v).
24
Let h(d) = -d**2 + 8*d + 10. Let m = 2040 - 2030. Give h(m).
-10
Let m(k) = 19*k**2 - 38*k + 415. Let b(j) = -26*j**2 + 49*j - 553. Let y(d) = 11*b(d) + 15*m(d). Give y(-35).
2
Suppose 0 = -y - 5*f - 16, -4*f - 31 = -5*y + 5. Suppose -t + 5*b = -27, -3*t + y*b = 2*b - 16. Suppose -u = t*u. Let g(m) = -m + 5. Give g(u).
5
Let f(l) = 2*l**3 - 2*l**2 - 2. Let q(u) = -u**3 - 17*u**2 + 23*u + 63. Let t be q(-18). Let m(w) = -13*w - 349. Let z be m(t). What is f(z)?
6
Let x(p) = -p**2 - 9*p + 26. Let r = 2711 + -2721. What is x(r)?
16
Let u = 691 - 694. Let h be (-45)/u - (3 + 6). Let d(g) = 3*g**2 - 4*g**2 + 1 + 2*g**2 - 5*g. Determine d(h).
7
Let o(q) = -4*q**2 + 7*q + 7. Let j = 139 - 149. Let t be (0 - (6 - 4))*j/(-4). Let f(k) = -3*k**2 + 6*k + 6. Let z(b) = t*f(b) + 4*o(b). What is z(-2)?
-2
Let n(j) = 8*j**2 - 9 - 7 + 70*j - 53*j - 3*j**2 - 37*j. Give n(5).
9
Let y(p) = -p**3 - 14*p**2 + 20*p + 23. Suppose -58*w - 465 = -27*w - 0*w. What is y(w)?
-52
Let z(d) be the first derivative of -d**6/360 + 7*d**5/120 - 2*d**3/3 + 33*d**2/2 - 85. Let l(a) be the third derivative of z(a). Calculate l(5).
10
Let o be (-14)/2*(4 + -5). Let t(i) be the second derivative of -11/6*i**3 - 7*i + 9/2*i**2 - 1/2*i**4 + 1/20*i**5 + 0. What is t(o)?
-19
Let y(h) = -4*h**2 + 7*h - 1. Let w be (2/12)/(6/(-1008)*-14). Determine y(w).
-3
Let x(o) = -o + 5. Let p be x(-4). Suppose p*y = 6*y - 11*y. Let b(g) = -g + 20. Give b(y).
20
Let y(t) be the third derivative of t**5/60 + 2*t**4/3 - 14*t**3/3 + 6*t**2 - 56*t. Calculate y(-18).
8
Let x(h) = h**3 + 12*h**2 - 12*h + 17. Suppose 2*z = -3*z - 45. Let w be 10/(-15)*6 + z. Determine x(w).
4
Suppose 0 = 2*j - 10, 0 = c + j - 7. Let d be (-6)/c - (-3 - 3). Let o(r) = 4*r**2 - 2*r**2 + 2 + d*r - 6. Calculate o(-3).
5
Let r(i) = i + 8. Let m(k) = -39*k + 35. Let o(q) = -7*q + 7. Let z(x) = 2*m(x) - 11*o(x). Let j(s) = -5*r(s) - 6*z(s). What is j(-10)?
-8
Let h(b) = -b + 1. Let c be ((-2)/4 - 89/2)/1. Let d be (c/(-10))/9*6. Calculate h(d).
-2
Let m(v) = v**2 - 6*v - 4. Let u(z) = z**2 - 4*z - 4. Let n(t) = 5*m(t) - 6*u(t). Suppose d = 5*d - 224. Let r be 2/9 - d/9. Determine n(r).
4
Let n(y) = y**3 + 7*y**2 + 2. Let i = 226 - 301. Let j be i/11 + (-20)/110. Determine n(j).
2
Let k(s) = -13*s + 5. Let t(h) = -11*h + 5. Let v(r) = 6*k(r) - 7*t(r). Let n be -8 - 0 - (-6)/3. Let q be ((-14)/n)/((-4)/12). Give v(q).
2
Let t = -5945 - -5933. Let h(y) = y**3 + 13*y**2 + 15*y + 11. What is h(t)?
-25
Suppose p = 4*m - 149, -4*p = -4*m - 9*p + 167. Suppose -42*q + m*q = 12. Let v(l) = -3 + 6*l - 4*l + 5*l**2 - 3*l**2. Give v(q).
9
Let s(v) be the first derivative of -v**3/3 + 3*v**2/2 + 15*v - 1758. Calculate s(7).
-13
Let x(u) = 59*u - 1269. Let k(a) = 235*a - 5062. Let z(n) = -4*k(n) + 15*x(n). Calculate z(22).
3
Let m(o) be the second derivative of 0 + o + 1/6*o**3 + o**2 - o**4. Determine m(2).
-44
Let l(s) = -3*s**3 - 703 + 4*s**2 + 4*s**3 + 694 + 5*s**2. Let y(u) = u**3 + 10*u**2 + 24*u - 14. Let k be y(-5). Calculate l(k).
-9
Let j(b) = -31*b**3 - 10*b**2 + 24 + 4*b**2 + b**2 - 8*b + 30*b**3 - 7*b**2. What is j(-11)?
-9
Let n(p) = 4 - 3 + 5 + 1 + 7*p + p**2 + 3*p**2. What is n(-3)?
22
Let o(g) be the third derivative of g**5/60 - g**4/3 + 5*g**3/2 + 50*g**2 - 8*g - 5. Let w(r) = -r + 3. Let t be w(-4). Determine o(t).
8
Suppose -j - 96 = -5*m + 2*j, -5*m + 99 = -2*j. Suppose -5*q - 4 - m = -5*w, 5 = w. Let b(i) = -i**3 + i**2 + i - 2. Calculate b(q).
-2
Suppose 121*d = 122*d - 4. Suppose -3*s + 3 = -3*g, -4*s - 5*g = -0*s - d. Let f(x) = 5*x**2 - s + 2 - 6*